{"id":252,"date":"2021-08-18T05:35:45","date_gmt":"2021-08-18T05:35:45","guid":{"rendered":"https:\/\/valbec.cl\/index.php\/about\/"},"modified":"2025-03-04T05:07:50","modified_gmt":"2025-03-04T05:07:50","slug":"about","status":"publish","type":"page","link":"https:\/\/valbec.cl\/index.php\/about\/","title":{"rendered":"Servicios industriales"},"content":{"rendered":"\t\t<div data-elementor-type=\"wp-page\" data-elementor-id=\"252\" class=\"elementor elementor-252\">\n\t\t\t\t\t\t\t<div class=\"elementor-element elementor-element-8ea2015 e-flex e-con-boxed e-con e-parent\" data-id=\"8ea2015\" data-element_type=\"container\" data-settings=\"{&quot;content_width&quot;:&quot;boxed&quot;}\" data-core-v316-plus=\"true\">\n\t\t\t\t\t<div class=\"e-con-inner\">\n\t\t<div class=\"elementor-element elementor-element-4e1974a e-con-full e-flex e-con e-child\" data-id=\"4e1974a\" data-element_type=\"container\" data-settings=\"{&quot;content_width&quot;:&quot;full&quot;}\">\n\t\t\t\t<div class=\"elementor-element elementor-element-7dce7e6 elementor-widget elementor-widget-image\" data-id=\"7dce7e6\" data-element_type=\"widget\" data-widget_type=\"image.default\">\n\t\t\t\t<div class=\"elementor-widget-container\">\n\t\t\t<style>\/*! elementor - v3.18.0 - 20-12-2023 *\/\n.elementor-widget-image{text-align:center}.elementor-widget-image a{display:inline-block}.elementor-widget-image a img[src$=\".svg\"]{width:48px}.elementor-widget-image img{vertical-align:middle;display:inline-block}<\/style>\t\t\t\t\t\t\t\t\t\t\t\t<img fetchpriority=\"high\" decoding=\"async\" width=\"640\" height=\"905\" src=\"https:\/\/valbec.cl\/wp-content\/uploads\/2025\/03\/PHOTO-2025-03-03-23-29-40-4-724x1024.jpg\" class=\"attachment-large size-large wp-image-1829\" alt=\"\" srcset=\"https:\/\/valbec.cl\/wp-content\/uploads\/2025\/03\/PHOTO-2025-03-03-23-29-40-4-724x1024.jpg 724w, https:\/\/valbec.cl\/wp-content\/uploads\/2025\/03\/PHOTO-2025-03-03-23-29-40-4-212x300.jpg 212w, https:\/\/valbec.cl\/wp-content\/uploads\/2025\/03\/PHOTO-2025-03-03-23-29-40-4-768x1086.jpg 768w, https:\/\/valbec.cl\/wp-content\/uploads\/2025\/03\/PHOTO-2025-03-03-23-29-40-4-1086x1536.jpg 1086w, https:\/\/valbec.cl\/wp-content\/uploads\/2025\/03\/PHOTO-2025-03-03-23-29-40-4-600x849.jpg 600w, https:\/\/valbec.cl\/wp-content\/uploads\/2025\/03\/PHOTO-2025-03-03-23-29-40-4.jpg 1131w\" sizes=\"(max-width: 640px) 100vw, 640px\" \/>\t\t\t\t\t\t\t\t\t\t\t\t\t\t\t<\/div>\n\t\t\t\t<\/div>\n\t\t\t\t<div class=\"elementor-element elementor-element-24d272e elementor-widget elementor-widget-heading\" data-id=\"24d272e\" data-element_type=\"widget\" data-widget_type=\"heading.default\">\n\t\t\t\t<div class=\"elementor-widget-container\">\n\t\t\t<style>\/*! elementor - v3.18.0 - 20-12-2023 *\/\n.elementor-heading-title{padding:0;margin:0;line-height:1}.elementor-widget-heading .elementor-heading-title[class*=elementor-size-]>a{color:inherit;font-size:inherit;line-height:inherit}.elementor-widget-heading .elementor-heading-title.elementor-size-small{font-size:15px}.elementor-widget-heading .elementor-heading-title.elementor-size-medium{font-size:19px}.elementor-widget-heading .elementor-heading-title.elementor-size-large{font-size:29px}.elementor-widget-heading .elementor-heading-title.elementor-size-xl{font-size:39px}.elementor-widget-heading .elementor-heading-title.elementor-size-xxl{font-size:59px}<\/style><h2 class=\"elementor-heading-title elementor-size-default\">Servicios de mantenci\u00f3n transpaleta<\/h2>\t\t<\/div>\n\t\t\t\t<\/div>\n\t\t\t\t<div class=\"elementor-element elementor-element-5166703 elementor-widget elementor-widget-button\" data-id=\"5166703\" data-element_type=\"widget\" data-widget_type=\"button.default\">\n\t\t\t\t<div class=\"elementor-widget-container\">\n\t\t\t\t\t<div class=\"elementor-button-wrapper\">\n\t\t\t<a class=\"elementor-button elementor-button-link elementor-size-sm\" href=\"#\">\n\t\t\t\t\t\t<span class=\"elementor-button-content-wrapper\">\n\t\t\t\t\t\t<span class=\"elementor-button-text\">Cont\u00e1ctanos<\/span>\n\t\t<\/span>\n\t\t\t\t\t<\/a>\n\t\t<\/div>\n\t\t\t\t<\/div>\n\t\t\t\t<\/div>\n\t\t\t\t<\/div>\n\t\t<div class=\"elementor-element elementor-element-5820973 e-con-full e-flex e-con e-child\" data-id=\"5820973\" data-element_type=\"container\" data-settings=\"{&quot;content_width&quot;:&quot;full&quot;}\">\n\t\t\t\t<div class=\"elementor-element elementor-element-823b4b4 elementor-widget elementor-widget-image\" data-id=\"823b4b4\" data-element_type=\"widget\" data-widget_type=\"image.default\">\n\t\t\t\t<div class=\"elementor-widget-container\">\n\t\t\t\t\t\t\t\t\t\t\t\t\t\t\t<img decoding=\"async\" width=\"640\" height=\"905\" src=\"https:\/\/valbec.cl\/wp-content\/uploads\/2025\/03\/PHOTO-2025-03-03-23-29-40-3-724x1024.jpg\" class=\"attachment-large size-large wp-image-1830\" alt=\"\" srcset=\"https:\/\/valbec.cl\/wp-content\/uploads\/2025\/03\/PHOTO-2025-03-03-23-29-40-3-724x1024.jpg 724w, https:\/\/valbec.cl\/wp-content\/uploads\/2025\/03\/PHOTO-2025-03-03-23-29-40-3-212x300.jpg 212w, https:\/\/valbec.cl\/wp-content\/uploads\/2025\/03\/PHOTO-2025-03-03-23-29-40-3-768x1086.jpg 768w, https:\/\/valbec.cl\/wp-content\/uploads\/2025\/03\/PHOTO-2025-03-03-23-29-40-3-1086x1536.jpg 1086w, https:\/\/valbec.cl\/wp-content\/uploads\/2025\/03\/PHOTO-2025-03-03-23-29-40-3-600x849.jpg 600w, https:\/\/valbec.cl\/wp-content\/uploads\/2025\/03\/PHOTO-2025-03-03-23-29-40-3.jpg 1131w\" sizes=\"(max-width: 640px) 100vw, 640px\" \/>\t\t\t\t\t\t\t\t\t\t\t\t\t\t\t<\/div>\n\t\t\t\t<\/div>\n\t\t\t\t<div class=\"elementor-element elementor-element-972f792 elementor-widget elementor-widget-heading\" data-id=\"972f792\" data-element_type=\"widget\" data-widget_type=\"heading.default\">\n\t\t\t\t<div class=\"elementor-widget-container\">\n\t\t\t<h2 class=\"elementor-heading-title elementor-size-default\">Servicios de mantenci\u00f3n industrial<br><\/h2>\t\t<\/div>\n\t\t\t\t<\/div>\n\t\t\t\t<div class=\"elementor-element elementor-element-e08fc31 elementor-widget elementor-widget-button\" data-id=\"e08fc31\" data-element_type=\"widget\" data-widget_type=\"button.default\">\n\t\t\t\t<div class=\"elementor-widget-container\">\n\t\t\t\t\t<div class=\"elementor-button-wrapper\">\n\t\t\t<a class=\"elementor-button elementor-button-link elementor-size-sm\" href=\"#\">\n\t\t\t\t\t\t<span class=\"elementor-button-content-wrapper\">\n\t\t\t\t\t\t<span class=\"elementor-button-text\">Cont\u00e1ctanos<\/span>\n\t\t<\/span>\n\t\t\t\t\t<\/a>\n\t\t<\/div>\n\t\t\t\t<\/div>\n\t\t\t\t<\/div>\n\t\t\t\t<\/div>\n\t\t<div class=\"elementor-element elementor-element-116467d e-con-full e-flex e-con e-child\" data-id=\"116467d\" data-element_type=\"container\" data-settings=\"{&quot;content_width&quot;:&quot;full&quot;}\">\n\t\t\t\t<div class=\"elementor-element elementor-element-469c438 elementor-widget elementor-widget-image\" data-id=\"469c438\" data-element_type=\"widget\" data-widget_type=\"image.default\">\n\t\t\t\t<div class=\"elementor-widget-container\">\n\t\t\t\t\t\t\t\t\t\t\t\t\t\t\t<img decoding=\"async\" width=\"640\" height=\"905\" src=\"https:\/\/valbec.cl\/wp-content\/uploads\/2025\/03\/PHOTO-2025-03-03-23-29-40-2-724x1024.jpg\" class=\"attachment-large size-large wp-image-1831\" alt=\"\" srcset=\"https:\/\/valbec.cl\/wp-content\/uploads\/2025\/03\/PHOTO-2025-03-03-23-29-40-2-724x1024.jpg 724w, https:\/\/valbec.cl\/wp-content\/uploads\/2025\/03\/PHOTO-2025-03-03-23-29-40-2-212x300.jpg 212w, https:\/\/valbec.cl\/wp-content\/uploads\/2025\/03\/PHOTO-2025-03-03-23-29-40-2-768x1086.jpg 768w, https:\/\/valbec.cl\/wp-content\/uploads\/2025\/03\/PHOTO-2025-03-03-23-29-40-2-1086x1536.jpg 1086w, https:\/\/valbec.cl\/wp-content\/uploads\/2025\/03\/PHOTO-2025-03-03-23-29-40-2-600x849.jpg 600w, https:\/\/valbec.cl\/wp-content\/uploads\/2025\/03\/PHOTO-2025-03-03-23-29-40-2.jpg 1131w\" sizes=\"(max-width: 640px) 100vw, 640px\" \/>\t\t\t\t\t\t\t\t\t\t\t\t\t\t\t<\/div>\n\t\t\t\t<\/div>\n\t\t\t\t<div class=\"elementor-element elementor-element-2a0fccb elementor-widget elementor-widget-heading\" data-id=\"2a0fccb\" data-element_type=\"widget\" data-widget_type=\"heading.default\">\n\t\t\t\t<div class=\"elementor-widget-container\">\n\t\t\t<h2 class=\"elementor-heading-title elementor-size-default\">Suministro e instalaci\u00f3n de valvulas<br><\/h2>\t\t<\/div>\n\t\t\t\t<\/div>\n\t\t\t\t<div class=\"elementor-element elementor-element-dda2940 elementor-widget elementor-widget-button\" data-id=\"dda2940\" data-element_type=\"widget\" data-widget_type=\"button.default\">\n\t\t\t\t<div class=\"elementor-widget-container\">\n\t\t\t\t\t<div class=\"elementor-button-wrapper\">\n\t\t\t<a class=\"elementor-button elementor-button-link elementor-size-sm\" href=\"#\">\n\t\t\t\t\t\t<span class=\"elementor-button-content-wrapper\">\n\t\t\t\t\t\t<span class=\"elementor-button-text\">Cont\u00e1ctanos<\/span>\n\t\t<\/span>\n\t\t\t\t\t<\/a>\n\t\t<\/div>\n\t\t\t\t<\/div>\n\t\t\t\t<\/div>\n\t\t\t\t<\/div>\n\t\t\t\t\t<\/div>\n\t\t\t\t<\/div>\n\t\t<div class=\"elementor-element elementor-element-9dc6b96 e-flex e-con-boxed e-con e-parent\" data-id=\"9dc6b96\" data-element_type=\"container\" data-settings=\"{&quot;content_width&quot;:&quot;boxed&quot;}\" data-core-v316-plus=\"true\">\n\t\t\t\t\t<div class=\"e-con-inner\">\n\t\t<div class=\"elementor-element elementor-element-3b53b11 e-con-full e-flex e-con e-child\" data-id=\"3b53b11\" data-element_type=\"container\" data-settings=\"{&quot;content_width&quot;:&quot;full&quot;}\">\n\t\t\t\t<div class=\"elementor-element elementor-element-d8b8502 elementor-widget elementor-widget-image\" data-id=\"d8b8502\" data-element_type=\"widget\" data-settings=\"{&quot;_animation&quot;:&quot;none&quot;}\" data-widget_type=\"image.default\">\n\t\t\t\t<div class=\"elementor-widget-container\">\n\t\t\t\t\t\t\t\t\t\t\t\t\t\t\t<img loading=\"lazy\" decoding=\"async\" width=\"640\" height=\"905\" src=\"https:\/\/valbec.cl\/wp-content\/uploads\/2025\/03\/PHOTO-2025-03-03-23-29-40-1-724x1024.jpg\" class=\"attachment-large size-large wp-image-1832\" alt=\"\" srcset=\"https:\/\/valbec.cl\/wp-content\/uploads\/2025\/03\/PHOTO-2025-03-03-23-29-40-1-724x1024.jpg 724w, https:\/\/valbec.cl\/wp-content\/uploads\/2025\/03\/PHOTO-2025-03-03-23-29-40-1-212x300.jpg 212w, https:\/\/valbec.cl\/wp-content\/uploads\/2025\/03\/PHOTO-2025-03-03-23-29-40-1-768x1086.jpg 768w, https:\/\/valbec.cl\/wp-content\/uploads\/2025\/03\/PHOTO-2025-03-03-23-29-40-1-1086x1536.jpg 1086w, https:\/\/valbec.cl\/wp-content\/uploads\/2025\/03\/PHOTO-2025-03-03-23-29-40-1-600x849.jpg 600w, https:\/\/valbec.cl\/wp-content\/uploads\/2025\/03\/PHOTO-2025-03-03-23-29-40-1.jpg 1131w\" sizes=\"(max-width: 640px) 100vw, 640px\" \/>\t\t\t\t\t\t\t\t\t\t\t\t\t\t\t<\/div>\n\t\t\t\t<\/div>\n\t\t\t\t<div class=\"elementor-element elementor-element-729efff elementor-widget elementor-widget-heading\" data-id=\"729efff\" data-element_type=\"widget\" data-widget_type=\"heading.default\">\n\t\t\t\t<div class=\"elementor-widget-container\">\n\t\t\t<h2 class=\"elementor-heading-title elementor-size-default\">Mantenci\u00f3n intercambiador de calor<\/h2>\t\t<\/div>\n\t\t\t\t<\/div>\n\t\t\t\t<div class=\"elementor-element elementor-element-4c58577 elementor-widget elementor-widget-button\" data-id=\"4c58577\" data-element_type=\"widget\" data-widget_type=\"button.default\">\n\t\t\t\t<div class=\"elementor-widget-container\">\n\t\t\t\t\t<div class=\"elementor-button-wrapper\">\n\t\t\t<a class=\"elementor-button elementor-button-link elementor-size-sm\" href=\"#\">\n\t\t\t\t\t\t<span class=\"elementor-button-content-wrapper\">\n\t\t\t\t\t\t<span class=\"elementor-button-text\">Cont\u00e1ctanos<\/span>\n\t\t<\/span>\n\t\t\t\t\t<\/a>\n\t\t<\/div>\n\t\t\t\t<\/div>\n\t\t\t\t<\/div>\n\t\t\t\t<\/div>\n\t\t<div class=\"elementor-element elementor-element-61aacd8 e-con-full e-flex e-con e-child\" data-id=\"61aacd8\" data-element_type=\"container\" data-settings=\"{&quot;content_width&quot;:&quot;full&quot;}\">\n\t\t\t\t<div class=\"elementor-element elementor-element-916a666 elementor-widget__width-initial elementor-widget elementor-widget-image\" data-id=\"916a666\" data-element_type=\"widget\" data-widget_type=\"image.default\">\n\t\t\t\t<div class=\"elementor-widget-container\">\n\t\t\t\t\t\t\t\t\t\t\t\t\t\t\t<img loading=\"lazy\" decoding=\"async\" width=\"640\" height=\"905\" src=\"https:\/\/valbec.cl\/wp-content\/uploads\/2025\/03\/PHOTO-2025-03-03-23-29-40-724x1024.jpg\" class=\"attachment-large size-large wp-image-1833\" alt=\"\" srcset=\"https:\/\/valbec.cl\/wp-content\/uploads\/2025\/03\/PHOTO-2025-03-03-23-29-40-724x1024.jpg 724w, https:\/\/valbec.cl\/wp-content\/uploads\/2025\/03\/PHOTO-2025-03-03-23-29-40-212x300.jpg 212w, https:\/\/valbec.cl\/wp-content\/uploads\/2025\/03\/PHOTO-2025-03-03-23-29-40-768x1086.jpg 768w, https:\/\/valbec.cl\/wp-content\/uploads\/2025\/03\/PHOTO-2025-03-03-23-29-40-1086x1536.jpg 1086w, https:\/\/valbec.cl\/wp-content\/uploads\/2025\/03\/PHOTO-2025-03-03-23-29-40-600x849.jpg 600w, https:\/\/valbec.cl\/wp-content\/uploads\/2025\/03\/PHOTO-2025-03-03-23-29-40.jpg 1131w\" sizes=\"(max-width: 640px) 100vw, 640px\" \/>\t\t\t\t\t\t\t\t\t\t\t\t\t\t\t<\/div>\n\t\t\t\t<\/div>\n\t\t\t\t<div class=\"elementor-element elementor-element-cf4757e elementor-widget elementor-widget-heading\" data-id=\"cf4757e\" data-element_type=\"widget\" data-widget_type=\"heading.default\">\n\t\t\t\t<div class=\"elementor-widget-container\">\n\t\t\t<h2 class=\"elementor-heading-title elementor-size-default\">Empaquetaduras fibra sintetica<\/h2>\t\t<\/div>\n\t\t\t\t<\/div>\n\t\t\t\t<div class=\"elementor-element elementor-element-10d46e4 elementor-widget elementor-widget-button\" data-id=\"10d46e4\" data-element_type=\"widget\" data-widget_type=\"button.default\">\n\t\t\t\t<div class=\"elementor-widget-container\">\n\t\t\t\t\t<div class=\"elementor-button-wrapper\">\n\t\t\t<a class=\"elementor-button elementor-button-link elementor-size-sm\" href=\"#\">\n\t\t\t\t\t\t<span class=\"elementor-button-content-wrapper\">\n\t\t\t\t\t\t<span class=\"elementor-button-text\">Cont\u00e1ctanos<\/span>\n\t\t<\/span>\n\t\t\t\t\t<\/a>\n\t\t<\/div>\n\t\t\t\t<\/div>\n\t\t\t\t<\/div>\n\t\t\t\t<\/div>\n\t\t\t\t\t<\/div>\n\t\t\t\t<\/div>\n\t\t\t\t\t\t\t<\/div>\n\t\t","protected":false},"excerpt":{"rendered":"<p>Servicios de mantenci\u00f3n transpaleta Cont\u00e1ctanos Servicios de mantenci\u00f3n industrial Cont\u00e1ctanos Suministro e instalaci\u00f3n de valvulas Cont\u00e1ctanos Mantenci\u00f3n intercambiador de calor Cont\u00e1ctanos Empaquetaduras fibra sintetica Cont\u00e1ctanos<\/p>\n","protected":false},"author":1,"featured_media":0,"parent":0,"menu_order":0,"comment_status":"closed","ping_status":"closed","template":"elementor_header_footer","meta":{"_uag_custom_page_level_css":"","footnotes":""},"uagb_featured_image_src":{"full":false,"thumbnail":false,"medium":false,"medium_large":false,"large":false,"1536x1536":false,"2048x2048":false,"post-thumbnail":false,"woocommerce_thumbnail":false,"woocommerce_single":false,"woocommerce_gallery_thumbnail":false},"uagb_author_info":{"display_name":"admin","author_link":"https:\/\/valbec.cl\/index.php\/author\/admin_val\/"},"uagb_comment_info":0,"uagb_excerpt":"Servicios de mantenci\u00f3n transpaleta Cont\u00e1ctanos Servicios de mantenci\u00f3n industrial Cont\u00e1ctanos Suministro e instalaci\u00f3n de valvulas Cont\u00e1ctanos Mantenci\u00f3n intercambiador de calor Cont\u00e1ctanos Empaquetaduras fibra sintetica Cont\u00e1ctanos","_links":{"self":[{"href":"https:\/\/valbec.cl\/index.php\/wp-json\/wp\/v2\/pages\/252"}],"collection":[{"href":"https:\/\/valbec.cl\/index.php\/wp-json\/wp\/v2\/pages"}],"about":[{"href":"https:\/\/valbec.cl\/index.php\/wp-json\/wp\/v2\/types\/page"}],"author":[{"embeddable":true,"href":"https:\/\/valbec.cl\/index.php\/wp-json\/wp\/v2\/users\/1"}],"replies":[{"embeddable":true,"href":"https:\/\/valbec.cl\/index.php\/wp-json\/wp\/v2\/comments?post=252"}],"version-history":[{"count":62,"href":"https:\/\/valbec.cl\/index.php\/wp-json\/wp\/v2\/pages\/252\/revisions"}],"predecessor-version":[{"id":1854,"href":"https:\/\/valbec.cl\/index.php\/wp-json\/wp\/v2\/pages\/252\/revisions\/1854"}],"wp:attachment":[{"href":"https:\/\/valbec.cl\/index.php\/wp-json\/wp\/v2\/media?parent=252"}],"curies":[{"name":"wp","href":"https:\/\/api.w.org\/{rel}","templated":true}]}}