{"id":1130,"date":"2022-10-18T18:07:11","date_gmt":"2022-10-18T18:07:11","guid":{"rendered":"https:\/\/valbec.cl\/index.php\/producto\/postcard-v3\/"},"modified":"2025-02-26T23:20:07","modified_gmt":"2025-02-26T23:20:07","slug":"postcard-v3","status":"publish","type":"product","link":"https:\/\/valbec.cl\/index.php\/producto\/postcard-v3\/","title":{"rendered":"CINTA PARA EMERGENCIAS"},"content":{"rendered":"<p class=\"\\&quot;ProductDescription-attributeHeader\\&quot;\"><strong>Cintas reparadora de Ca\u00f1erias<\/strong><\/p>\n<div class=\"\\&quot;ProductDescription-attributeValueInfo\\&quot;\">\n<div class=\"\\&quot;ProductDescription-attributeValueDescription\\&quot;\">\n<ul>\n<li>Cinta de Silicona \/EPDM autofunsion.<\/li>\n<li>Medidas: Ancho 1&#8243;; 2&#8243;; 4&#8243;<\/li>\n<\/ul>\n<p class=\"\\&quot;ProductDescription-attributeHeader\\&quot;\"><strong>Datos:<\/strong><\/p>\n<div class=\"\\&quot;ProductDescription-attributeValueInfo\\&quot;\">\n<div class=\"\\&quot;ProductDescription-attributeValueDescription\\&quot;\">\n<ul>\n<li>Para fugas inesperadas, reparaciones inmediata.<\/li>\n<li>PAra mayor presi\u00f3n, aplicar masilla especial.<\/li>\n<li>Para fluidos mas abrasivos y mayor temperatura, usar cinta con resina de activaci\u00f3n por agua.<\/li>\n<\/ul>\n<\/div>\n<\/div>\n<p><strong>Note:<\/strong>\u00a0 <em>Para una mejor asesoria, comunicate con nosotros.<\/em><\/p>\n<\/div>\n<\/div>\n","protected":false},"excerpt":{"rendered":"<p>Cinta reparadora de ca\u00f1erias de material de tela con resina y de EPDM de autofusi\u00f3n. Ideal para reparar fugas inesperadas y tener el tiempo de la mantenci\u00f3n adecuada.<\/p>\n","protected":false},"featured_media":1699,"comment_status":"open","ping_status":"closed","template":"","meta":{"_uag_custom_page_level_css":""},"product_cat":[17],"product_tag":[],"uagb_featured_image_src":{"full":["https:\/\/valbec.cl\/wp-content\/uploads\/2025\/01\/InShot_20240621_151830966.jpg",1920,1407,false],"thumbnail":["https:\/\/valbec.cl\/wp-content\/uploads\/2025\/01\/InShot_20240621_151830966-150x150.jpg",150,150,true],"medium":["https:\/\/valbec.cl\/wp-content\/uploads\/2025\/01\/InShot_20240621_151830966-300x220.jpg",300,220,true],"medium_large":["https:\/\/valbec.cl\/wp-content\/uploads\/2025\/01\/InShot_20240621_151830966-768x563.jpg",640,469,true],"large":["https:\/\/valbec.cl\/wp-content\/uploads\/2025\/01\/InShot_20240621_151830966-1024x750.jpg",640,469,true],"1536x1536":["https:\/\/valbec.cl\/wp-content\/uploads\/2025\/01\/InShot_20240621_151830966-1536x1126.jpg",1536,1126,true],"2048x2048":["https:\/\/valbec.cl\/wp-content\/uploads\/2025\/01\/InShot_20240621_151830966.jpg",1920,1407,false],"post-thumbnail":["https:\/\/valbec.cl\/wp-content\/uploads\/2025\/01\/InShot_20240621_151830966.jpg",328,240,false],"woocommerce_thumbnail":["https:\/\/valbec.cl\/wp-content\/uploads\/2025\/01\/InShot_20240621_151830966-300x300.jpg",300,300,true],"woocommerce_single":["https:\/\/valbec.cl\/wp-content\/uploads\/2025\/01\/InShot_20240621_151830966-600x440.jpg",600,440,true],"woocommerce_gallery_thumbnail":["https:\/\/valbec.cl\/wp-content\/uploads\/2025\/01\/InShot_20240621_151830966-100x100.jpg",100,100,true]},"uagb_author_info":{"display_name":"admin","author_link":"https:\/\/valbec.cl\/index.php\/author\/"},"uagb_comment_info":0,"uagb_excerpt":"Cinta reparadora de ca\u00f1erias de material de tela con resina y de EPDM de autofusi\u00f3n. Ideal para reparar fugas inesperadas y tener el tiempo de la mantenci\u00f3n adecuada.","_links":{"self":[{"href":"https:\/\/valbec.cl\/index.php\/wp-json\/wp\/v2\/product\/1130"}],"collection":[{"href":"https:\/\/valbec.cl\/index.php\/wp-json\/wp\/v2\/product"}],"about":[{"href":"https:\/\/valbec.cl\/index.php\/wp-json\/wp\/v2\/types\/product"}],"replies":[{"embeddable":true,"href":"https:\/\/valbec.cl\/index.php\/wp-json\/wp\/v2\/comments?post=1130"}],"wp:featuredmedia":[{"embeddable":true,"href":"https:\/\/valbec.cl\/index.php\/wp-json\/wp\/v2\/media\/1699"}],"wp:attachment":[{"href":"https:\/\/valbec.cl\/index.php\/wp-json\/wp\/v2\/media?parent=1130"}],"wp:term":[{"taxonomy":"product_cat","embeddable":true,"href":"https:\/\/valbec.cl\/index.php\/wp-json\/wp\/v2\/product_cat?post=1130"},{"taxonomy":"product_tag","embeddable":true,"href":"https:\/\/valbec.cl\/index.php\/wp-json\/wp\/v2\/product_tag?post=1130"}],"curies":[{"name":"wp","href":"https:\/\/api.w.org\/{rel}","templated":true}]}}